). Let u(d) be the first derivative of d + 1/4*d**4 - k*d**3 + 13 + 4*d**2. Give u(9).
-8
Let h(w) = -w**2 + 6*w - 1. Suppose -7 - 3 = 2*m. Let k(f) = 2*f**3 + 60*f**2 + 81*f + 666. Let z be k(-29). Let g be (-2 + 3)/(z/m). Calculate h(g).
4
Let z(w) = w**2 + 12*w + 44. Let d be 1/(-2) - (435/30 + -10). Give z(d).
9
Let p(l) = -65*l**2 - 243 + l + 356 + 45*l**2 - 114. Let t = -2 + 3. Determine p(t).
-20
Let p(l) = -l**3 - l - 6. Let k = 1365 - 1364. Let z(o) = o + 4. Let y be z(-7). Let s be 3 + k - (-12)/y. What is p(s)?
-6
Let u(f) = 0*f + 39 + 2 - 6 - 3*f + 5. What is u(7)?
19
Let m(f) = 3*f + 2. Suppose -14*b + 5*b + 18 = 0. Let t(r) be the first derivative of -r**2/2 - r + 3. Let h(w) = b*t(w) + m(w). Give h(-1).
-1
Let j(b) be the third derivative of 11*b**2 + 5/12*b**4 + b**3 + 2*b + 1/60*b**5 + 0. Calculate j(-7).
-15
Let o(q) = -q**2 + 3*q + 35. Let x(p) = 2*p**2 + 82*p - 77. Let n be x(-42). Give o(n).
7
Suppose 26*n = 20*n - 108. Let r(y) = y**3 + 20*y**2 + 37*y + 24. Let t be r(n). Let j(a) = a - 4. What is j(t)?
2
Let l = -4 - -6. Suppose 2*n + 2 + l = 0. Let p(f) be the third derivative of -2*f**5/15 - f**4/8 - 14*f**2 + 49*f + 1. Determine p(n).
-26
Let u be (-10 - -9)/((-3)/36*4). Let h(f) = 14*f - 9. Calculate h(u).
33
Let p(w) = w**2 - 2*w + 4. Let v(r) = r + 37. Let f be v(-27). Suppose -f*n = 6*n - 48. What is p(n)?
7
Let u = 2512 + -2504. Let d(o) = 3*o**3 - 2*o**3 - 16*o + 3 - 6*o**2 + 0*o. Let r be d(u). Let k(l) = -l**3 + 3*l**2 + l - 4. What is k(r)?
-1
Let s(v) = v**2 + 11*v + 7. Let p = -2547 - -2538. Give s(p).
-11
Let t(r) = -r**3 + 15*r**2 - 14*r + 4. Let w be t(14). Let g(j) = w - 3*j - 1 - 4 + 2. Calculate g(7).
-20
Let a(n) = -11*n + 13. Suppose r - 3 = -z + 5, 5*z + 38 = r. Let f(o) = -5*o + 6. Let k(l) = r*f(l) - 6*a(l). What is k(2)?
2
Suppose -7*c = 59*c + 66. Suppose -x = 2*l + 2*x - 25, 4*l - 58 = 2*x. Let w(s) = 2 - l*s**2 + 4 - 5. Calculate w(c).
-13
Let q(x) = 30*x**3 - 3*x**2 - 4*x - 3. Let n = 7106 - 7107. Give q(n).
-32
Let q be (-4)/14*(-126)/9. Suppose 28 - 32 = -q*j. Let b(t) be the first derivative of 2*t**3 - t**2/2 + t - 1. Give b(j).
6
Let b(o) be the first derivative of o**5/60 + o**4/24 - 49*o**2/2 + o + 21. Let h(f) be the second derivative of b(f). Give h(1).
2
Suppose 3*o - w + 0*w + 1 = 0, -5*w + 20 = 0. Let v(n) = 10*n**3 - 3*n + 1. Let q be v(o). Let b(j) = j**3 - 9*j**2 + 8*j + 4. Give b(q).
4
Let h(j) = j**2 + 9*j + 34. Let z(q) = 8*q**2 + 62*q + 258. Let n(c) = 15*h(c) - 2*z(c). What is n(14)?
-48
Let d(h) = -3 - 5 - 2*h - 2*h**2 + 5. Suppose 2*t - 5 = -u, 8*u + t - 5 = 7*u. Let j(b) = -b**3 - 5*b**2 - 5*b - 7. Let n(z) = u*d(z) - 2*j(z). What is n(-2)?
-17
Let h(t) be the first derivative of -2*t**3/3 - 15*t**2/2 - 3*t + 1508. Determine h(-9).
-30
Let f(c) = 2 + 3 - 15*c - 4 + 14*c. Let p be (5 + -6)/((-1)/6). Suppose -5*a + p = 26. What is f(a)?
5
Let r(z) = -10*z + 136. Let f = 53 + -41. What is r(f)?
16
Let j(h) = h**3 - 5*h**2 + 2. Let o be (-12)/((-20)/12 + 1). Suppose -4 = o*c - 20*c. Determine j(c).
-10
Let c = -5397 - -5400. Let i(v) = -2*v**2 - 8*v + 34. Calculate i(c).
-8
Let t(l) = 8*l**2 + l + 1. Let z(a) = -4*a**2 - 72*a + 5. Let v be z(-18). Let s = -6 + v. Give t(s).
8
Let j = -38 - -46. Let u(y) = 58*y - 36*y + j*y**2 + 5 + 3*y**3 - 21*y. Let r(p) = -p**3 - p**2 - p. Let o(l) = -4*r(l) - u(l). What is o(4)?
7
Let j(y) = -2*y**2 + 9*y + 11. Let b(v) = -9*v**2 + 36*v + 44. Let r(n) = 6*b(n) - 26*j(n). Let l be r(-8). Let p(d) = d**2 + 3*d - d + 4 + 4*d. What is p(l)?
4
Let q(g) = g**2 + 6 + 0*g - 4*g + 0*g. Let f = 1548 - 1538. Let u be -3*(-5)/2*f/15. Calculate q(u).
11
Suppose -16*r - 68 = -17*r. Let f(p) = -r + 36*p - 34*p + 55. Determine f(-10).
-33
Suppose 18*x = -54*x - 29*x. Let j(y) be the first derivative of -1/2*y**4 + 38 + x*y + 3/2*y**2 + 2/3*y**3. Give j(-2).
18
Let v(t) = -4 - 9 - 44 + t**2 - 14*t. Let u be v(17). Let m(z) = 0 + 7 - z**2 + 2*z**2 + 6*z. Give m(u).
7
Let b = -11 + 12. Suppose 0 = 2*h + b + 7. Let g(l) = -2 + 2*l - l**2 - l + 0 + 7. Determine g(h).
-15
Let i = -322 - -319. Let j(v) = 5*v**2 - 25*v - 60. Let s(t) = 2*t**2 - 8*t - 21. Let p(n) = i*j(n) + 8*s(n). Determine p(-9).
-6
Let b(p) = -20*p + 17*p + 6*p**2 - 3*p**2 - 13 + 22 + 1. Calculate b(3).
28
Let n(m) be the first derivative of -m**4/4 - 7*m**3/3 - 5*m**2/2 + 4*m - 13. Let w = 51 + -51. Suppose w = -3*f + 2*f - 6. Calculate n(f).
-2
Suppose 0*u = 2*u + 4*q - 20, 2*u - 2*q = -10. Let x be (4 + (-13 - -3))*(1 + u). Let l(o) = 3*o**2 + 11 - 3*o**2 - o**2 - 6*o - 20. Give l(x).
-9
Let n(d) = -d**3 - 7*d**2 + 2*d + 21. Let c be n(-7). Suppose -16 = 3*l - c*l. Let q(y) = -y**3 + l*y**2 + 2*y**3 - 2*y + 0*y + 3 - 4*y. Give q(-5).
8
Suppose -14 + 2 = -4*i. Let a(d) = -5 + i + 69*d - 67*d. Suppose 12*r + 272 = 224. Calculate a(r).
-10
Let f(g) = 9*g**2 - 13*g + 22. Let p(w) = -11*w**2 + 14*w - 26. Let n(c) = -6*f(c) - 5*p(c). Suppose 0*v - j - 3 = 2*v, -4*j + 20 = 0. Determine n(v).
-18
Let i(v) = 3*v - 25. Let r(c) = -93*c + 2257. Let n be r(24). Determine i(n).
50
Suppose 3*r = 2*l - 39, -14*l + 11*l + 31 = r. Let z(b) = b - 11. Calculate z(l).
1
Let q(a) = 217*a - 1753. Let m be q(8). Let z(h) = -3*h**2 - 45*h + 107. What is z(m)?
5
Let t = 38568 - 38565. Let g(v) = 42*v - 26. Calculate g(t).
100
Let a(l) = -l**3 + 4*l**2 - 38*l + 18. Let o(k) = 4*k**3 - 13*k**2 + 120*k - 56. Let q(x) = -7*a(x) - 2*o(x). What is q(4)?
-6
Let y(s) be the second derivative of s**4/6 - 2*s**3/3 - 25*s**2/2 - 124*s. Let n(c) be the first derivative of y(c). Determine n(3).
8
Let n(t) = t**3 + 5*t**2 - 7*t + 2. Let k be (-180)/(-40)*(-28)/(-6). Suppose 5*o - k = -51. What is n(o)?
8
Let i be 2/10 - 61/(-20) - 3795/(-5060). Let z(h) be the second derivative of 1/6*h**3 - i*h + 0 - 1/12*h**4 + 0*h**2. Determine z(-5).
-30
Let v(q) be the first derivative of 5*q**2 + 19*q - 319. Give v(-6).
-41
Suppose -8*j + 51 = 5*y - 6*j, 3*y - 21 = 2*j. Let r(o) = -o**3 + 8*o**2 + 11*o - 19. What is r(y)?
-1
Let l(u) be the third derivative of u**4/6 + 47*u**3/6 + 2781*u**2. Give l(-11).
3
Suppose 8 = p + 4. Suppose 0*s + s - 14 = -p*a, -4 = -4*a + 4*s. Suppose 0 = -2*g - a*z + 6, -3*g + z = -0*z - 9. Let j(y) = y**2 - 4*y + 2. What is j(g)?
-1
Let x(z) = -44 - 234*z**2 + 46 + 232*z**2 - 4*z. Determine x(-4).
-14
Suppose 21 = 5*m + 4*w, -3*m + 5*w = 37 - 20. Let z(v) = -3*v - 1. Let h(n) = -3*n - 1. Let q(x) = -5*h(x) + 6*z(x). What is q(m)?
-4
Let g(l) = l**2 + l + 1. Suppose -4*f - 895 = -867. Let d be (3 + 39/(-12))*84/f. What is g(d)?
13
Let w(f) be the third derivative of f**5/60 + 11*f**4/24 - 8*f**3/3 - 106*f**2 + 2. What is w(-11)?
-16
Let a(i) = -i**3 + 12*i**2 - 10*i - 13. Let w be a(11). Let r(f) be the first derivative of 15*f**2/2 - 2*f + 1524. What is r(w)?
-32
Let b(r) be the third derivative of r**4/24 - 6*r**2. Suppose -4 = 5*x + 1. Calculate b(x).
-1
Let y(f) = 3*f**2 + 58*f + 228. Let o be y(-14). Let h(g) = 11*g - 4. Determine h(o).
40
Suppose 4*q - 10*b + 5*b - 257 = 0, -4*q - 4*b = -248. Suppose -18*t = -27 - q. Let m(f) = 7*f - 3. Calculate m(t).
32
Let v(o) = 2*o**2 - 3*o - 133. Suppose -3*t = -4*l - 7, -4*t - 2*l + 9*l + 1 = 0. What is v(t)?
2
Let p(f) = -13*f**2 - 6*f. Let z(d) = d**2 + d. Let g(k) = p(k) + 6*z(k). Suppose 6*h - 4*r = 2*h + 36, -r = -2*h + 15. Suppose 11*w - 5 = h*w. Give g(w).
-7
Let q(h) = -h**3 + h**2 + 8*h + 7. Let p(o) = o**3 - 2*o**2 - 10*o - 9. Let r(v) = -4*p(v) - 5*q(v). Calculate r(-4).
-15
Let t(l) = -l**3 + l**2 - 1. Let p = 185 - 181. Suppose -v - w = 2*w + 8, -p*w = 12. What is t(v)?
-1
Let q(x) = 26*x - 8. Let h(g) = -43*g + 16. Let r(u) = 3*h(u) + 5*q(u). Let m = -48 - -42. Calculate r(m).
2
Suppose 3*k - 96 = 2*f, 3*f + 38 + 105 = 5*k. Let m(w) = 3*w**2 + 153*w - 2. Give m(f).
-2
Let o(t) = t**2 + 2 - 7 + 30473*t - 30467*t. Determine o(-9).
22
Let f(o) = 4*o + 10*o**2 - 502*o**3 - 15 + 2 + 503*o**3 + 2*o. Give f(-7).
92
Let n(m) = -37 - 17*m - 29 - 4 - 2. What is n(-4)?
-4
Let y(u) = -9*u + 2. Suppose -2*d + 7*d - 578 = -2*f, 3*d + f - 346 = 0. Let j = -115 + d. What is y(j)?
11
Let p(l) = -14 + 3*l**2 + l**2 - 7*l**2 + 11*l + 4*l**2. Suppose 250*f + 154 = 239*f. Calculate p(f).
28
Let r(a) = 14*a - 16*a - 574 + 571. Suppose 8*w - 36 = -12. Calculate r(w).